{"id":32893,"date":"2024-02-06T10:59:07","date_gmt":"2024-02-06T09:59:07","guid":{"rendered":"https:\/\/digidem-bayern.de\/?page_id=32893"},"modified":"2024-02-26T16:02:40","modified_gmt":"2024-02-26T15:02:40","slug":"digitales-angebot-online-kurs-ich-beuge-vor","status":"publish","type":"page","link":"https:\/\/digidem-bayern.de\/en\/digitales-angebot-online-kurs-ich-beuge-vor\/","title":{"rendered":"Digitales Angebot: Online-Kurs \u201eIch beuge vor\u201c"},"content":{"rendered":"","protected":true},"excerpt":{"rendered":"","protected":true},"author":11,"featured_media":0,"parent":0,"menu_order":0,"comment_status":"closed","ping_status":"closed","template":"","meta":{"qubely_global_settings":"","qubely_interactions":"","_uag_custom_page_level_css":"","footnotes":""},"class_list":["post-32893","page","type-page","status-publish","post-password-required","hentry"],"featured_image_urls_v2":{"full":"","thumbnail":"","medium":"","medium_large":"","large":"","1536x1536":"","2048x2048":"","trp-custom-language-flag":"","qubely_landscape":"","qubely_portrait":"","qubely_thumbnail":"","post-thumbnail":"","kahuna-featured":"","kahuna-featured-lp":"","kahuna-featured-half":"","kahuna-featured-third":"","kahuna-lpbox-1":"","kahuna-lpbox-2":"","demand-language-flag":"","dddkt-language-flag":"","ddiqc-language-flag":"","ddtl-language-flag":"","mailpoet_newsletter_max":"","kahuna-lpbox-3":"","kahuna-featured-square":"","kahuna-featured-square-large":""},"post_excerpt_stackable_v2":"<p>Kostenloser Online-Pr\u00e4ventionskurs \u201eIch beuge vor\u201c In diesem evidenzbasierten Angebot erfahren Sie wie sie Ihr individuelles Risiko auf die Alzheimer Krankheit verringern k\u00f6nnen. Die Alzheimer Krankheit ist aktuell noch nicht heilbar, dennoch gibt es ver\u00e4nderbare Risikofaktoren. Alzheimer ist noch nicht heilbar. Doch wir alle k\u00f6nnen etwas tun, damit wir unser individuelles Risiko auf eine Erkrankung verringern. Inhalte Evidenz Was genau das ist, erfahren Sie in dem 8-w\u00f6chigen Online-Kurs der Alzheimer Forschung Initiative. Jede Woche widmet sich einem Themenfeld, mit dem jeder Mensch sein Erkrankungsrisiko senken kann. Alle wichtigen Informationen erhalten Sie regelm\u00e4\u00dfig per E-Mail. Zus\u00e4tzlich gibt es in jeder Themenwoche kleine&hellip;<\/p>\n","category_list_v2":"","author_info_v2":{"name":"Michael Zeiler","url":"https:\/\/digidem-bayern.de\/en\/author\/michael-zeiler\/"},"comments_num_v2":"0 comments","yoast_head":"<!-- This site is optimized with the Yoast SEO plugin v27.4 - https:\/\/yoast.com\/product\/yoast-seo-wordpress\/ -->\n<title>Digitales Angebot: Online-Kurs \u201eIch beuge vor\u201c - digiDEM Bayern<\/title>\n<meta name=\"description\" content=\"digiDEM Bayern zielt darauf ab, die Lebensbedingungen von Menschen mit MCI\/Demenz und deren pflegenden An- und Zugeh\u00f6rigen nachhaltig zu verbessern.\" \/>\n<meta name=\"robots\" content=\"index, follow, max-snippet:-1, max-image-preview:large, max-video-preview:-1\" \/>\n<link rel=\"canonical\" href=\"https:\/\/digidem-bayern.de\/en\/digitales-angebot-online-kurs-ich-beuge-vor\/\" \/>\n<meta property=\"og:locale\" content=\"en_US\" \/>\n<meta property=\"og:type\" content=\"article\" \/>\n<meta property=\"og:title\" content=\"Digitales Angebot: Online-Kurs \u201eIch beuge vor\u201c - digiDEM Bayern\" \/>\n<meta property=\"og:description\" content=\"digiDEM Bayern zielt darauf ab, die Lebensbedingungen von Menschen mit MCI\/Demenz und deren pflegenden An- und Zugeh\u00f6rigen nachhaltig zu verbessern.\" \/>\n<meta property=\"og:url\" content=\"https:\/\/digidem-bayern.de\/en\/digitales-angebot-online-kurs-ich-beuge-vor\/\" \/>\n<meta property=\"og:site_name\" content=\"digiDEM Bayern\" \/>\n<meta property=\"article:publisher\" content=\"https:\/\/www.facebook.com\/digiDEMBayern\/\" \/>\n<meta property=\"article:modified_time\" content=\"2024-02-26T15:02:40+00:00\" \/>\n<meta name=\"twitter:label1\" content=\"Est. reading time\" \/>\n\t<meta name=\"twitter:data1\" content=\"2 minutes\" \/>\n<script type=\"application\/ld+json\" class=\"yoast-schema-graph\">{\"@context\":\"https:\\\/\\\/schema.org\",\"@graph\":[{\"@type\":\"WebPage\",\"@id\":\"https:\\\/\\\/digidem-bayern.de\\\/digitales-angebot-online-kurs-ich-beuge-vor\\\/\",\"url\":\"https:\\\/\\\/digidem-bayern.de\\\/digitales-angebot-online-kurs-ich-beuge-vor\\\/\",\"name\":\"Digitales Angebot: Online-Kurs \u201eIch beuge vor\u201c - digiDEM Bayern\",\"isPartOf\":{\"@id\":\"\\\/#website\"},\"datePublished\":\"2024-02-06T09:59:07+00:00\",\"dateModified\":\"2024-02-26T15:02:40+00:00\",\"breadcrumb\":{\"@id\":\"https:\\\/\\\/digidem-bayern.de\\\/digitales-angebot-online-kurs-ich-beuge-vor\\\/#breadcrumb\"},\"inLanguage\":\"en-US\"},{\"@type\":\"WebSite\",\"@id\":\"\\\/#website\",\"url\":\"\\\/\",\"name\":\"digiDEM Bayern\",\"description\":\"Das digitale Demenzregister Bayern erforscht und verbessert die Angebotsstuktur f\u00fcr Menschen mit Demenz und deren Angeh\u00f6rige\",\"publisher\":{\"@id\":\"\\\/#organization\"},\"potentialAction\":[{\"@type\":\"SearchAction\",\"target\":{\"@type\":\"EntryPoint\",\"urlTemplate\":\"\\\/?s={search_term_string}\"},\"query-input\":{\"@type\":\"PropertyValueSpecification\",\"valueRequired\":true,\"valueName\":\"search_term_string\"}}],\"inLanguage\":\"en-US\"},{\"@type\":\"Organization\",\"@id\":\"\\\/#organization\",\"name\":\"digiDEM Bayern\",\"url\":\"\\\/\",\"logo\":{\"@type\":\"ImageObject\",\"inLanguage\":\"en-US\",\"@id\":\"\\\/#\\\/schema\\\/logo\\\/image\\\/\",\"url\":\"https:\\\/\\\/digidem-bayern.de\\\/wp-content\\\/uploads\\\/2022\\\/03\\\/cropped-Allgemeines_digiDEMLOGO-removebg-preview.png\",\"contentUrl\":\"https:\\\/\\\/digidem-bayern.de\\\/wp-content\\\/uploads\\\/2022\\\/03\\\/cropped-Allgemeines_digiDEMLOGO-removebg-preview.png\",\"width\":612,\"height\":357,\"caption\":\"digiDEM Bayern\"},\"image\":{\"@id\":\"\\\/#\\\/schema\\\/logo\\\/image\\\/\"},\"sameAs\":[\"https:\\\/\\\/www.facebook.com\\\/digiDEMBayern\\\/\",\"https:\\\/\\\/x.com\\\/digidem_bayern\",\"https:\\\/\\\/www.instagram.com\\\/digidem.bayern\",\"https:\\\/\\\/www.linkedin.com\\\/company\\\/digidem-bayern\\\/\"]}]}<\/script>\n<!-- \/ Yoast SEO plugin. -->","yoast_head_json":{"title":"Digitales Angebot: Online-Kurs \u201eIch beuge vor\u201c - digiDEM Bayern","description":"digiDEM Bayern zielt darauf ab, die Lebensbedingungen von Menschen mit MCI\/Demenz und deren pflegenden An- und Zugeh\u00f6rigen nachhaltig zu verbessern.","robots":{"index":"index","follow":"follow","max-snippet":"max-snippet:-1","max-image-preview":"max-image-preview:large","max-video-preview":"max-video-preview:-1"},"canonical":"https:\/\/digidem-bayern.de\/en\/digitales-angebot-online-kurs-ich-beuge-vor\/","og_locale":"en_US","og_type":"article","og_title":"Digitales Angebot: Online-Kurs \u201eIch beuge vor\u201c - digiDEM Bayern","og_description":"digiDEM Bayern zielt darauf ab, die Lebensbedingungen von Menschen mit MCI\/Demenz und deren pflegenden An- und Zugeh\u00f6rigen nachhaltig zu verbessern.","og_url":"https:\/\/digidem-bayern.de\/en\/digitales-angebot-online-kurs-ich-beuge-vor\/","og_site_name":"digiDEM Bayern","article_publisher":"https:\/\/www.facebook.com\/digiDEMBayern\/","article_modified_time":"2024-02-26T15:02:40+00:00","twitter_misc":{"Est. reading time":"2 minutes"},"schema":{"@context":"https:\/\/schema.org","@graph":[{"@type":"WebPage","@id":"https:\/\/digidem-bayern.de\/digitales-angebot-online-kurs-ich-beuge-vor\/","url":"https:\/\/digidem-bayern.de\/digitales-angebot-online-kurs-ich-beuge-vor\/","name":"Digitales Angebot: Online-Kurs \u201eIch beuge vor\u201c - digiDEM Bayern","isPartOf":{"@id":"\/#website"},"datePublished":"2024-02-06T09:59:07+00:00","dateModified":"2024-02-26T15:02:40+00:00","breadcrumb":{"@id":"https:\/\/digidem-bayern.de\/digitales-angebot-online-kurs-ich-beuge-vor\/#breadcrumb"},"inLanguage":"en-US"},{"@type":"WebSite","@id":"\/#website","url":"\/","name":"digiDEM Bavaria","description":"The digital dementia register in Bavaria researches and improves the structure of services for people with dementia and their relatives","publisher":{"@id":"\/#organization"},"potentialAction":[{"@type":"SearchAction","target":{"@type":"EntryPoint","urlTemplate":"\/?s={search_term_string}"},"query-input":{"@type":"PropertyValueSpecification","valueRequired":true,"valueName":"search_term_string"}}],"inLanguage":"en-US"},{"@type":"Organization","@id":"\/#organization","name":"digiDEM Bavaria","url":"\/","logo":{"@type":"ImageObject","inLanguage":"en-US","@id":"\/#\/schema\/logo\/image\/","url":"https:\/\/digidem-bayern.de\/wp-content\/uploads\/2022\/03\/cropped-Allgemeines_digiDEMLOGO-removebg-preview.png","contentUrl":"https:\/\/digidem-bayern.de\/wp-content\/uploads\/2022\/03\/cropped-Allgemeines_digiDEMLOGO-removebg-preview.png","width":612,"height":357,"caption":"digiDEM Bayern"},"image":{"@id":"\/#\/schema\/logo\/image\/"},"sameAs":["https:\/\/www.facebook.com\/digiDEMBayern\/","https:\/\/x.com\/digidem_bayern","https:\/\/www.instagram.com\/digidem.bayern","https:\/\/www.linkedin.com\/company\/digidem-bayern\/"]}]}},"uagb_featured_image_src":{"full":false,"thumbnail":false,"medium":false,"medium_large":false,"large":false,"1536x1536":false,"2048x2048":false,"trp-custom-language-flag":false,"qubely_landscape":false,"qubely_portrait":false,"qubely_thumbnail":false,"post-thumbnail":false,"kahuna-featured":false,"kahuna-featured-lp":false,"kahuna-featured-half":false,"kahuna-featured-third":false,"kahuna-lpbox-1":false,"kahuna-lpbox-2":false,"demand-language-flag":false,"dddkt-language-flag":false,"ddiqc-language-flag":false,"ddtl-language-flag":false,"mailpoet_newsletter_max":false,"kahuna-lpbox-3":false,"kahuna-featured-square":false,"kahuna-featured-square-large":false},"uagb_author_info":{"display_name":"Michael Zeiler","author_link":"https:\/\/digidem-bayern.de\/en\/author\/michael-zeiler\/"},"uagb_comment_info":0,"uagb_excerpt":"There is no excerpt because this is a protected post.","_links":{"self":[{"href":"https:\/\/digidem-bayern.de\/en\/wp-json\/wp\/v2\/pages\/32893","targetHints":{"allow":["GET"]}}],"collection":[{"href":"https:\/\/digidem-bayern.de\/en\/wp-json\/wp\/v2\/pages"}],"about":[{"href":"https:\/\/digidem-bayern.de\/en\/wp-json\/wp\/v2\/types\/page"}],"author":[{"embeddable":true,"href":"https:\/\/digidem-bayern.de\/en\/wp-json\/wp\/v2\/users\/11"}],"replies":[{"embeddable":true,"href":"https:\/\/digidem-bayern.de\/en\/wp-json\/wp\/v2\/comments?post=32893"}],"version-history":[{"count":9,"href":"https:\/\/digidem-bayern.de\/en\/wp-json\/wp\/v2\/pages\/32893\/revisions"}],"predecessor-version":[{"id":33175,"href":"https:\/\/digidem-bayern.de\/en\/wp-json\/wp\/v2\/pages\/32893\/revisions\/33175"}],"wp:attachment":[{"href":"https:\/\/digidem-bayern.de\/en\/wp-json\/wp\/v2\/media?parent=32893"}],"curies":[{"name":"wp","href":"https:\/\/api.w.org\/{rel}","templated":true}]}}

<p>Kostenloser Online-Präventionskurs „Ich beuge vor“ In diesem evidenzbasierten Angebot erfahren Sie wie sie Ihr individuelles Risiko auf die Alzheimer Krankheit verringern können. Die Alzheimer Krankheit ist aktuell noch nicht heilbar, dennoch gibt es veränderbare Risikofaktoren. Alzheimer ist noch nicht heilbar. Doch wir alle können etwas tun, damit wir unser individuelles Risiko auf eine Erkrankung verringern. Inhalte Evidenz Was genau das ist, erfahren Sie in dem 8-wöchigen Online-Kurs der Alzheimer Forschung Initiative. Jede Woche widmet sich einem Themenfeld, mit dem jeder Mensch sein Erkrankungsrisiko senken kann. Alle wichtigen Informationen erhalten Sie regelmäßig per E-Mail. Zusätzlich gibt es in jeder Themenwoche kleine&hellip;</p>

<!-- This site is optimized with the Yoast SEO plugin v27.4 - https://yoast.com/product/yoast-seo-wordpress/ -->
<title>Digitales Angebot: Online-Kurs „Ich beuge vor“ - digiDEM Bayern</title>
<meta name="description" content="digiDEM Bayern zielt darauf ab, die Lebensbedingungen von Menschen mit MCI/Demenz und deren pflegenden An- und Zugehörigen nachhaltig zu verbessern." />
<meta name="robots" content="index, follow, max-snippet:-1, max-image-preview:large, max-video-preview:-1" />
<link rel="canonical" href="https://digidem-bayern.de/en/digitales-angebot-online-kurs-ich-beuge-vor/" />
<meta property="og:locale" content="en_US" />
<meta property="og:type" content="article" />
<meta property="og:title" content="Digitales Angebot: Online-Kurs „Ich beuge vor“ - digiDEM Bayern" />
<meta property="og:description" content="digiDEM Bayern zielt darauf ab, die Lebensbedingungen von Menschen mit MCI/Demenz und deren pflegenden An- und Zugehörigen nachhaltig zu verbessern." />
<meta property="og:url" content="https://digidem-bayern.de/en/digitales-angebot-online-kurs-ich-beuge-vor/" />
<meta property="og:site_name" content="digiDEM Bayern" />
<meta property="article:publisher" content="https://www.facebook.com/digiDEMBayern/" />
<meta property="article:modified_time" content="2024-02-26T15:02:40+00:00" />
<meta name="twitter:label1" content="Est. reading time" />
	<meta name="twitter:data1" content="2 minutes" />
<script type="application/ld+json" class="yoast-schema-graph">{"@context":"https:\/\/schema.org","@graph":[{"@type":"WebPage","@id":"https:\/\/digidem-bayern.de\/digitales-angebot-online-kurs-ich-beuge-vor\/","url":"https:\/\/digidem-bayern.de\/digitales-angebot-online-kurs-ich-beuge-vor\/","name":"Digitales Angebot: Online-Kurs „Ich beuge vor“ - digiDEM Bayern","isPartOf":{"@id":"\/#website"},"datePublished":"2024-02-06T09:59:07+00:00","dateModified":"2024-02-26T15:02:40+00:00","breadcrumb":{"@id":"https:\/\/digidem-bayern.de\/digitales-angebot-online-kurs-ich-beuge-vor\/#breadcrumb"},"inLanguage":"en-US"},{"@type":"WebSite","@id":"\/#website","url":"\/","name":"digiDEM Bayern","description":"Das digitale Demenzregister Bayern erforscht und verbessert die Angebotsstuktur für Menschen mit Demenz und deren Angehörige","publisher":{"@id":"\/#organization"},"potentialAction":[{"@type":"SearchAction","target":{"@type":"EntryPoint","urlTemplate":"\/?s={search_term_string}"},"query-input":{"@type":"PropertyValueSpecification","valueRequired":true,"valueName":"search_term_string"}}],"inLanguage":"en-US"},{"@type":"Organization","@id":"\/#organization","name":"digiDEM Bayern","url":"\/","logo":{"@type":"ImageObject","inLanguage":"en-US","@id":"\/#\/schema\/logo\/image\/","url":"https:\/\/digidem-bayern.de\/wp-content\/uploads\/2022\/03\/cropped-Allgemeines_digiDEMLOGO-removebg-preview.png","contentUrl":"https:\/\/digidem-bayern.de\/wp-content\/uploads\/2022\/03\/cropped-Allgemeines_digiDEMLOGO-removebg-preview.png","width":612,"height":357,"caption":"digiDEM Bayern"},"image":{"@id":"\/#\/schema\/logo\/image\/"},"sameAs":["https:\/\/www.facebook.com\/digiDEMBayern\/","https:\/\/x.com\/digidem_bayern","https:\/\/www.instagram.com\/digidem.bayern","https:\/\/www.linkedin.com\/company\/digidem-bayern\/"]}]}</script>
<!-- / Yoast SEO plugin. -->

digiDEM Bayern zielt darauf ab, die Lebensbedingungen von Menschen mit MCI/Demenz und deren pflegenden An- und Zugehörigen nachhaltig zu verbessern.
