{"id":22937,"date":"2022-08-17T09:48:51","date_gmt":"2022-08-17T07:48:51","guid":{"rendered":"https:\/\/digidem-bayern.de\/?page_id=22937"},"modified":"2022-08-17T10:42:31","modified_gmt":"2022-08-17T08:42:31","slug":"newsletter-2","status":"publish","type":"page","link":"https:\/\/digidem-bayern.de\/en\/newsletter-2\/","title":{"rendered":"Newsletter"},"content":{"rendered":"<p>Bleiben Sie mit uns auf dem Laufenden.<\/p>\n\n\n\n<p>Unser digiDEM Bayern Science Watch-Newsletter informiert Sie regelm\u00e4\u00dfig und allgemeinverst\u00e4ndlich \u00fcber aktuelle Neuigkeiten aus der nationalen und internationalen Demenzforschung. Der Newsletter erscheint meist einmal im Monat und bereitet unterschiedliche Themenaspekte anschaulich auf. <\/p>\n\n\n\n<p>Melden Sie sich jetzt f\u00fcr unseren digiDEM Bayern-Newsletter an.<\/p>\n\n\n\n<div class=\"wp-block-stackable-button-group stk-block-button-group stk-block stk-7a4d366\" data-block-id=\"7a4d366\"><style>.stk-7a4d366{max-width:386px !important;min-width:auto !important}<\/style><div class=\"stk-row stk-inner-blocks stk-block-content stk-button-group\">\n<div class=\"wp-block-stackable-button stk-block-button stk-block stk-0ffa912\" data-block-id=\"0ffa912\"><style>.stk-0ffa912,.stk-0ffa912 .stk-button{width:100% !important}.stk-0ffa912 .stk-button{border-radius:5px !important;overflow:hidden !important}<\/style><a class=\"stk-link stk-button stk--hover-effect-darken\" href=\"https:\/\/digidem-bayern.de\/en\/newsletter\/\"><span class=\"stk-button__inner-text\">Hier anmelden<\/span><\/a><\/div>\n<\/div><\/div>\n\n\n\n<p>Hier gelangen Sie zu unserem<a href=\"https:\/\/digidem-bayern.de\/en\/newsletter-archiv\/\"> Newsletter-Archiv<\/a>. <\/p>","protected":false},"excerpt":{"rendered":"<p>Bleiben Sie mit uns auf dem Laufenden. Unser digiDEM Bayern Science Watch-Newsletter informiert Sie regelm\u00e4\u00dfig und allgemeinverst\u00e4ndlich \u00fcber aktuelle Neuigkeiten aus der nationalen und internationalen Demenzforschung. Der Newsletter erscheint meist einmal im Monat und bereitet unterschiedliche Themenaspekte anschaulich auf. Melden Sie sich jetzt f\u00fcr unseren digiDEM Bayern-Newsletter an. Hier anmelden &hellip;<\/p>","protected":false},"author":11,"featured_media":0,"parent":0,"menu_order":0,"comment_status":"closed","ping_status":"closed","template":"","meta":{"qubely_global_settings":"","qubely_interactions":"","_uag_custom_page_level_css":"","footnotes":""},"class_list":["post-22937","page","type-page","status-publish","hentry"],"featured_image_urls_v2":{"full":"","thumbnail":"","medium":"","medium_large":"","large":"","1536x1536":"","2048x2048":"","trp-custom-language-flag":"","qubely_landscape":"","qubely_portrait":"","qubely_thumbnail":"","post-thumbnail":"","kahuna-featured":"","kahuna-featured-lp":"","kahuna-featured-half":"","kahuna-featured-third":"","kahuna-lpbox-1":"","kahuna-lpbox-2":"","demand-language-flag":"","dddkt-language-flag":"","ddiqc-language-flag":"","ddtl-language-flag":"","mailpoet_newsletter_max":"","kahuna-lpbox-3":"","kahuna-featured-square":"","kahuna-featured-square-large":""},"post_excerpt_stackable_v2":"<p>Bleiben Sie mit uns auf dem Laufenden. Unser digiDEM Bayern Science Watch-Newsletter informiert Sie regelm\u00e4\u00dfig und allgemeinverst\u00e4ndlich \u00fcber aktuelle Neuigkeiten aus der nationalen und internationalen Demenzforschung. Der Newsletter erscheint meist einmal im Monat und bereitet unterschiedliche Themenaspekte anschaulich auf. Melden Sie sich jetzt f\u00fcr unseren digiDEM Bayern-Newsletter an. Hier anmelden Hier gelangen Sie zu unserem Newsletter-Archiv.<\/p>\n","category_list_v2":"","author_info_v2":{"name":"Michael Zeiler","url":"https:\/\/digidem-bayern.de\/en\/author\/michael-zeiler\/"},"comments_num_v2":"0 comments","yoast_head":"<!-- This site is optimized with the Yoast SEO plugin v27.4 - https:\/\/yoast.com\/product\/yoast-seo-wordpress\/ -->\n<title>Newsletter - digiDEM Bayern<\/title>\n<meta name=\"description\" content=\"digiDEM Bayern zielt darauf ab, die Lebensbedingungen von Menschen mit MCI\/Demenz und deren pflegenden An- und Zugeh\u00f6rigen nachhaltig zu verbessern.\" \/>\n<meta name=\"robots\" content=\"index, follow, max-snippet:-1, max-image-preview:large, max-video-preview:-1\" \/>\n<link rel=\"canonical\" href=\"https:\/\/digidem-bayern.de\/en\/newsletter-2\/\" \/>\n<meta property=\"og:locale\" content=\"en_US\" \/>\n<meta property=\"og:type\" content=\"article\" \/>\n<meta property=\"og:title\" content=\"Newsletter - digiDEM Bayern\" \/>\n<meta property=\"og:description\" content=\"digiDEM Bayern zielt darauf ab, die Lebensbedingungen von Menschen mit MCI\/Demenz und deren pflegenden An- und Zugeh\u00f6rigen nachhaltig zu verbessern.\" \/>\n<meta property=\"og:url\" content=\"https:\/\/digidem-bayern.de\/en\/newsletter-2\/\" \/>\n<meta property=\"og:site_name\" content=\"digiDEM Bayern\" \/>\n<meta property=\"article:publisher\" content=\"https:\/\/www.facebook.com\/digiDEMBayern\/\" \/>\n<meta property=\"article:modified_time\" content=\"2022-08-17T08:42:31+00:00\" \/>\n<meta property=\"og:image\" content=\"https:\/\/digidem-bayern.de\/wp-content\/uploads\/logo-digidem-digitales-demenzregister-bayern.jpg.png\" \/>\n\t<meta property=\"og:image:width\" content=\"340\" \/>\n\t<meta property=\"og:image:height\" content=\"200\" \/>\n\t<meta property=\"og:image:type\" content=\"image\/png\" \/>\n<script type=\"application\/ld+json\" class=\"yoast-schema-graph\">{\"@context\":\"https:\\\/\\\/schema.org\",\"@graph\":[{\"@type\":\"WebPage\",\"@id\":\"https:\\\/\\\/digidem-bayern.de\\\/newsletter-2\\\/\",\"url\":\"https:\\\/\\\/digidem-bayern.de\\\/newsletter-2\\\/\",\"name\":\"Newsletter - digiDEM Bayern\",\"isPartOf\":{\"@id\":\"\\\/#website\"},\"datePublished\":\"2022-08-17T07:48:51+00:00\",\"dateModified\":\"2022-08-17T08:42:31+00:00\",\"description\":\"digiDEM Bayern zielt darauf ab, die Lebensbedingungen von Menschen mit MCI\\\/Demenz und deren pflegenden An- und Zugeh\u00f6rigen nachhaltig zu verbessern.\",\"breadcrumb\":{\"@id\":\"https:\\\/\\\/digidem-bayern.de\\\/newsletter-2\\\/#breadcrumb\"},\"inLanguage\":\"en-US\",\"potentialAction\":[{\"@type\":\"ReadAction\",\"target\":[\"https:\\\/\\\/digidem-bayern.de\\\/newsletter-2\\\/\"]}]},{\"@type\":\"BreadcrumbList\",\"@id\":\"https:\\\/\\\/digidem-bayern.de\\\/newsletter-2\\\/#breadcrumb\",\"itemListElement\":[{\"@type\":\"ListItem\",\"position\":1,\"name\":\"Startseite\",\"item\":\"https:\\\/\\\/digidem-bayern.de\\\/\"},{\"@type\":\"ListItem\",\"position\":2,\"name\":\"Newsletter\"}]},{\"@type\":\"WebSite\",\"@id\":\"\\\/#website\",\"url\":\"\\\/\",\"name\":\"digiDEM Bayern\",\"description\":\"Das digitale Demenzregister Bayern erforscht und verbessert die Angebotsstuktur f\u00fcr Menschen mit Demenz und deren Angeh\u00f6rige\",\"publisher\":{\"@id\":\"\\\/#organization\"},\"potentialAction\":[{\"@type\":\"SearchAction\",\"target\":{\"@type\":\"EntryPoint\",\"urlTemplate\":\"\\\/?s={search_term_string}\"},\"query-input\":{\"@type\":\"PropertyValueSpecification\",\"valueRequired\":true,\"valueName\":\"search_term_string\"}}],\"inLanguage\":\"en-US\"},{\"@type\":\"Organization\",\"@id\":\"\\\/#organization\",\"name\":\"digiDEM Bayern\",\"url\":\"\\\/\",\"logo\":{\"@type\":\"ImageObject\",\"inLanguage\":\"en-US\",\"@id\":\"\\\/#\\\/schema\\\/logo\\\/image\\\/\",\"url\":\"https:\\\/\\\/digidem-bayern.de\\\/wp-content\\\/uploads\\\/2022\\\/03\\\/cropped-Allgemeines_digiDEMLOGO-removebg-preview.png\",\"contentUrl\":\"https:\\\/\\\/digidem-bayern.de\\\/wp-content\\\/uploads\\\/2022\\\/03\\\/cropped-Allgemeines_digiDEMLOGO-removebg-preview.png\",\"width\":612,\"height\":357,\"caption\":\"digiDEM Bayern\"},\"image\":{\"@id\":\"\\\/#\\\/schema\\\/logo\\\/image\\\/\"},\"sameAs\":[\"https:\\\/\\\/www.facebook.com\\\/digiDEMBayern\\\/\",\"https:\\\/\\\/x.com\\\/digidem_bayern\",\"https:\\\/\\\/www.instagram.com\\\/digidem.bayern\",\"https:\\\/\\\/www.linkedin.com\\\/company\\\/digidem-bayern\\\/\"]}]}<\/script>\n<!-- \/ Yoast SEO plugin. -->","yoast_head_json":{"title":"Newsletter - digiDEM Bayern","description":"digiDEM Bayern zielt darauf ab, die Lebensbedingungen von Menschen mit MCI\/Demenz und deren pflegenden An- und Zugeh\u00f6rigen nachhaltig zu verbessern.","robots":{"index":"index","follow":"follow","max-snippet":"max-snippet:-1","max-image-preview":"max-image-preview:large","max-video-preview":"max-video-preview:-1"},"canonical":"https:\/\/digidem-bayern.de\/en\/newsletter-2\/","og_locale":"en_US","og_type":"article","og_title":"Newsletter - digiDEM Bayern","og_description":"digiDEM Bayern zielt darauf ab, die Lebensbedingungen von Menschen mit MCI\/Demenz und deren pflegenden An- und Zugeh\u00f6rigen nachhaltig zu verbessern.","og_url":"https:\/\/digidem-bayern.de\/en\/newsletter-2\/","og_site_name":"digiDEM Bayern","article_publisher":"https:\/\/www.facebook.com\/digiDEMBayern\/","article_modified_time":"2022-08-17T08:42:31+00:00","og_image":[{"width":340,"height":200,"url":"https:\/\/digidem-bayern.de\/wp-content\/uploads\/logo-digidem-digitales-demenzregister-bayern.jpg.png","type":"image\/png"}],"schema":{"@context":"https:\/\/schema.org","@graph":[{"@type":"WebPage","@id":"https:\/\/digidem-bayern.de\/newsletter-2\/","url":"https:\/\/digidem-bayern.de\/newsletter-2\/","name":"Newsletter - digiDEM Bayern","isPartOf":{"@id":"\/#website"},"datePublished":"2022-08-17T07:48:51+00:00","dateModified":"2022-08-17T08:42:31+00:00","description":"digiDEM Bayern zielt darauf ab, die Lebensbedingungen von Menschen mit MCI\/Demenz und deren pflegenden An- und Zugeh\u00f6rigen nachhaltig zu verbessern.","breadcrumb":{"@id":"https:\/\/digidem-bayern.de\/newsletter-2\/#breadcrumb"},"inLanguage":"en-US","potentialAction":[{"@type":"ReadAction","target":["https:\/\/digidem-bayern.de\/newsletter-2\/"]}]},{"@type":"BreadcrumbList","@id":"https:\/\/digidem-bayern.de\/newsletter-2\/#breadcrumb","itemListElement":[{"@type":"ListItem","position":1,"name":"Startseite","item":"https:\/\/digidem-bayern.de\/"},{"@type":"ListItem","position":2,"name":"Newsletter"}]},{"@type":"WebSite","@id":"\/#website","url":"\/","name":"digiDEM Bavaria","description":"The digital dementia register in Bavaria researches and improves the structure of services for people with dementia and their relatives","publisher":{"@id":"\/#organization"},"potentialAction":[{"@type":"SearchAction","target":{"@type":"EntryPoint","urlTemplate":"\/?s={search_term_string}"},"query-input":{"@type":"PropertyValueSpecification","valueRequired":true,"valueName":"search_term_string"}}],"inLanguage":"en-US"},{"@type":"Organization","@id":"\/#organization","name":"digiDEM Bavaria","url":"\/","logo":{"@type":"ImageObject","inLanguage":"en-US","@id":"\/#\/schema\/logo\/image\/","url":"https:\/\/digidem-bayern.de\/wp-content\/uploads\/2022\/03\/cropped-Allgemeines_digiDEMLOGO-removebg-preview.png","contentUrl":"https:\/\/digidem-bayern.de\/wp-content\/uploads\/2022\/03\/cropped-Allgemeines_digiDEMLOGO-removebg-preview.png","width":612,"height":357,"caption":"digiDEM Bayern"},"image":{"@id":"\/#\/schema\/logo\/image\/"},"sameAs":["https:\/\/www.facebook.com\/digiDEMBayern\/","https:\/\/x.com\/digidem_bayern","https:\/\/www.instagram.com\/digidem.bayern","https:\/\/www.linkedin.com\/company\/digidem-bayern\/"]}]}},"uagb_featured_image_src":{"full":false,"thumbnail":false,"medium":false,"medium_large":false,"large":false,"1536x1536":false,"2048x2048":false,"trp-custom-language-flag":false,"qubely_landscape":false,"qubely_portrait":false,"qubely_thumbnail":false,"post-thumbnail":false,"kahuna-featured":false,"kahuna-featured-lp":false,"kahuna-featured-half":false,"kahuna-featured-third":false,"kahuna-lpbox-1":false,"kahuna-lpbox-2":false,"demand-language-flag":false,"dddkt-language-flag":false,"ddiqc-language-flag":false,"ddtl-language-flag":false,"mailpoet_newsletter_max":false,"kahuna-lpbox-3":false,"kahuna-featured-square":false,"kahuna-featured-square-large":false},"uagb_author_info":{"display_name":"Michael Zeiler","author_link":"https:\/\/digidem-bayern.de\/en\/author\/michael-zeiler\/"},"uagb_comment_info":0,"uagb_excerpt":"Bleiben Sie mit uns auf dem Laufenden. Unser digiDEM Bayern Science Watch-Newsletter informiert Sie regelm\u00e4\u00dfig und allgemeinverst\u00e4ndlich \u00fcber aktuelle Neuigkeiten aus der nationalen und internationalen Demenzforschung. Der Newsletter erscheint meist einmal im Monat und bereitet unterschiedliche Themenaspekte anschaulich auf. Melden Sie sich jetzt f\u00fcr unseren digiDEM Bayern-Newsletter an. Hier anmelden &hellip;","_links":{"self":[{"href":"https:\/\/digidem-bayern.de\/en\/wp-json\/wp\/v2\/pages\/22937","targetHints":{"allow":["GET"]}}],"collection":[{"href":"https:\/\/digidem-bayern.de\/en\/wp-json\/wp\/v2\/pages"}],"about":[{"href":"https:\/\/digidem-bayern.de\/en\/wp-json\/wp\/v2\/types\/page"}],"author":[{"embeddable":true,"href":"https:\/\/digidem-bayern.de\/en\/wp-json\/wp\/v2\/users\/11"}],"replies":[{"embeddable":true,"href":"https:\/\/digidem-bayern.de\/en\/wp-json\/wp\/v2\/comments?post=22937"}],"version-history":[{"count":4,"href":"https:\/\/digidem-bayern.de\/en\/wp-json\/wp\/v2\/pages\/22937\/revisions"}],"predecessor-version":[{"id":22954,"href":"https:\/\/digidem-bayern.de\/en\/wp-json\/wp\/v2\/pages\/22937\/revisions\/22954"}],"wp:attachment":[{"href":"https:\/\/digidem-bayern.de\/en\/wp-json\/wp\/v2\/media?parent=22937"}],"curies":[{"name":"wp","href":"https:\/\/api.w.org\/{rel}","templated":true}]}}

<p>Bleiben Sie mit uns auf dem Laufenden.</p>



<p>Unser digiDEM Bayern Science Watch-Newsletter informiert Sie regelmäßig und allgemeinverständlich über aktuelle Neuigkeiten aus der nationalen und internationalen Demenzforschung. Der Newsletter erscheint meist einmal im Monat und bereitet unterschiedliche Themenaspekte anschaulich auf. </p>



<p>Melden Sie sich jetzt für unseren digiDEM Bayern-Newsletter an.</p>



<div class="wp-block-stackable-button-group stk-block-button-group stk-block stk-7a4d366" data-block-id="7a4d366"><style>.stk-7a4d366{max-width:386px !important;min-width:auto !important}</style><div class="stk-row stk-inner-blocks stk-block-content stk-button-group">
<div class="wp-block-stackable-button stk-block-button stk-block stk-0ffa912" data-block-id="0ffa912"><style>.stk-0ffa912,.stk-0ffa912 .stk-button{width:100% !important}.stk-0ffa912 .stk-button{border-radius:5px !important;overflow:hidden !important}</style><a class="stk-link stk-button stk--hover-effect-darken" href="https://digidem-bayern.de/en/newsletter/"><span class="stk-button__inner-text">Hier anmelden</span></a></div>
</div></div>



<p>Hier gelangen Sie zu unserem<a href="https://digidem-bayern.de/en/newsletter-archiv/"> Newsletter-Archiv</a>. </p>

<p>Bleiben Sie mit uns auf dem Laufenden. Unser digiDEM Bayern Science Watch-Newsletter informiert Sie regelmäßig und allgemeinverständlich über aktuelle Neuigkeiten aus der nationalen und internationalen Demenzforschung. Der Newsletter erscheint meist einmal im Monat und bereitet unterschiedliche Themenaspekte anschaulich auf. Melden Sie sich jetzt für unseren digiDEM Bayern-Newsletter an. Hier anmelden &hellip;</p>

<p>Bleiben Sie mit uns auf dem Laufenden. Unser digiDEM Bayern Science Watch-Newsletter informiert Sie regelmäßig und allgemeinverständlich über aktuelle Neuigkeiten aus der nationalen und internationalen Demenzforschung. Der Newsletter erscheint meist einmal im Monat und bereitet unterschiedliche Themenaspekte anschaulich auf. Melden Sie sich jetzt für unseren digiDEM Bayern-Newsletter an. Hier anmelden Hier gelangen Sie zu unserem Newsletter-Archiv.</p>

<!-- This site is optimized with the Yoast SEO plugin v27.4 - https://yoast.com/product/yoast-seo-wordpress/ -->
<title>Newsletter - digiDEM Bayern</title>
<meta name="description" content="digiDEM Bayern zielt darauf ab, die Lebensbedingungen von Menschen mit MCI/Demenz und deren pflegenden An- und Zugehörigen nachhaltig zu verbessern." />
<meta name="robots" content="index, follow, max-snippet:-1, max-image-preview:large, max-video-preview:-1" />
<link rel="canonical" href="https://digidem-bayern.de/en/newsletter-2/" />
<meta property="og:locale" content="en_US" />
<meta property="og:type" content="article" />
<meta property="og:title" content="Newsletter - digiDEM Bayern" />
<meta property="og:description" content="digiDEM Bayern zielt darauf ab, die Lebensbedingungen von Menschen mit MCI/Demenz und deren pflegenden An- und Zugehörigen nachhaltig zu verbessern." />
<meta property="og:url" content="https://digidem-bayern.de/en/newsletter-2/" />
<meta property="og:site_name" content="digiDEM Bayern" />
<meta property="article:publisher" content="https://www.facebook.com/digiDEMBayern/" />
<meta property="article:modified_time" content="2022-08-17T08:42:31+00:00" />
<meta property="og:image" content="https://digidem-bayern.de/wp-content/uploads/logo-digidem-digitales-demenzregister-bayern.jpg.png" />
	<meta property="og:image:width" content="340" />
	<meta property="og:image:height" content="200" />
	<meta property="og:image:type" content="image/png" />
<script type="application/ld+json" class="yoast-schema-graph">{"@context":"https:\/\/schema.org","@graph":[{"@type":"WebPage","@id":"https:\/\/digidem-bayern.de\/newsletter-2\/","url":"https:\/\/digidem-bayern.de\/newsletter-2\/","name":"Newsletter - digiDEM Bayern","isPartOf":{"@id":"\/#website"},"datePublished":"2022-08-17T07:48:51+00:00","dateModified":"2022-08-17T08:42:31+00:00","description":"digiDEM Bayern zielt darauf ab, die Lebensbedingungen von Menschen mit MCI\/Demenz und deren pflegenden An- und Zugehörigen nachhaltig zu verbessern.","breadcrumb":{"@id":"https:\/\/digidem-bayern.de\/newsletter-2\/#breadcrumb"},"inLanguage":"en-US","potentialAction":[{"@type":"ReadAction","target":["https:\/\/digidem-bayern.de\/newsletter-2\/"]}]},{"@type":"BreadcrumbList","@id":"https:\/\/digidem-bayern.de\/newsletter-2\/#breadcrumb","itemListElement":[{"@type":"ListItem","position":1,"name":"Startseite","item":"https:\/\/digidem-bayern.de\/"},{"@type":"ListItem","position":2,"name":"Newsletter"}]},{"@type":"WebSite","@id":"\/#website","url":"\/","name":"digiDEM Bayern","description":"Das digitale Demenzregister Bayern erforscht und verbessert die Angebotsstuktur für Menschen mit Demenz und deren Angehörige","publisher":{"@id":"\/#organization"},"potentialAction":[{"@type":"SearchAction","target":{"@type":"EntryPoint","urlTemplate":"\/?s={search_term_string}"},"query-input":{"@type":"PropertyValueSpecification","valueRequired":true,"valueName":"search_term_string"}}],"inLanguage":"en-US"},{"@type":"Organization","@id":"\/#organization","name":"digiDEM Bayern","url":"\/","logo":{"@type":"ImageObject","inLanguage":"en-US","@id":"\/#\/schema\/logo\/image\/","url":"https:\/\/digidem-bayern.de\/wp-content\/uploads\/2022\/03\/cropped-Allgemeines_digiDEMLOGO-removebg-preview.png","contentUrl":"https:\/\/digidem-bayern.de\/wp-content\/uploads\/2022\/03\/cropped-Allgemeines_digiDEMLOGO-removebg-preview.png","width":612,"height":357,"caption":"digiDEM Bayern"},"image":{"@id":"\/#\/schema\/logo\/image\/"},"sameAs":["https:\/\/www.facebook.com\/digiDEMBayern\/","https:\/\/x.com\/digidem_bayern","https:\/\/www.instagram.com\/digidem.bayern","https:\/\/www.linkedin.com\/company\/digidem-bayern\/"]}]}</script>
<!-- / Yoast SEO plugin. -->

digiDEM Bayern zielt darauf ab, die Lebensbedingungen von Menschen mit MCI/Demenz und deren pflegenden An- und Zugehörigen nachhaltig zu verbessern.

Bleiben Sie mit uns auf dem Laufenden. Unser digiDEM Bayern Science Watch-Newsletter informiert Sie regelmäßig und allgemeinverständlich über aktuelle Neuigkeiten aus der nationalen und internationalen Demenzforschung. Der Newsletter erscheint meist einmal im Monat und bereitet unterschiedliche Themenaspekte anschaulich auf. Melden Sie sich jetzt für unseren digiDEM Bayern-Newsletter an. Hier anmelden &hellip;
